4698?
3
What is the remainder when 1081532 is divided by 1376?
1372
Calculate the remainder when 104805 is divided by 505.
270
Calculate the remainder when 67251 is divided by 7356.
1047
What is the remainder when 5272999 is divided by 2636497?
5
Calculate the remainder when 373864 is divided by 5812.
1896
Calculate the remainder when 6697062 is divided by 474.
390
Calculate the remainder when 6419471 is divided by 1044.
959
Calculate the remainder when 289565 is divided by 1405.
135
Calculate the remainder when 181826 is divided by 285.
281
What is the remainder when 5275499 is divided by 439617?
95
What is the remainder when 43953533 is divided by 2356?
2353
Calculate the remainder when 13551 is divided by 12412.
1139
What is the remainder when 606552 is divided by 18887?
2168
Calculate the remainder when 4089426 is divided by 122.
108
What is the remainder when 206948670 is divided by 32?
30
Calculate the remainder when 4128571 is divided by 4128417.
154
What is the remainder when 1940569 is divided by 215617?
16
What is the remainder when 5413239 is divided by 1454?
1451
Calculate the remainder when 148339 is divided by 360.
19
What is the remainder when 8407204 is divided by 7574?
64
What is the remainder when 71978154 is divided by 1342?
1326
What is the remainder when 2618635 is divided by 233?
181
What is the remainder when 412841 is divided by 68790?
101
What is the remainder when 603398 is divided by 7362?
7076
What is the remainder when 25787630 is divided by 9?
2
What is the remainder when 157490 is divided by 726?
674
Calculate the remainder when 59632 is divided by 5363.
639
Calculate the remainder when 1682152 is divided by 1682042.
110
What is the remainder when 2071578 is divided by 54515?
8
Calculate the remainder when 218647 is divided by 72826.
169
What is the remainder when 2705849 is divided by 367?
325
Calculate the remainder when 53671 is divided by 6541.
1343
What is the remainder when 962648 is divided by 142?
30
What is the remainder when 9638560 is divided by 1484?
1464
Calculate the remainder when 990476 is divided by 126.
116
Calculate the remainder when 44486981 is divided by 16737.
35
Calculate the remainder when 97025 is divided by 3022.
321
What is the remainder when 416559 is divided by 416197?
362
Calculate the remainder when 102101 is divided by 3487.
978
Calculate the remainder when 1838613 is divided by 1074.
999
Calculate the remainder when 698719 is divided by 49888.
287
Calculate the remainder when 160061869 is divided by 568.
37
What is the remainder when 3068323 is divided by 1022752?
67
Calculate the remainder when 5715076 is divided by 5715006.
70
Calculate the remainder when 436225 is divided by 11176.
361
Calculate the remainder when 116621 is divided by 29141.
57
What is the remainder when 21025 is divided by 6651?
1072
Calculate the remainder when 1292030 is divided by 430349.
983
Calculate the remainder when 30112096 is divided by 5007.
5005
What is the remainder when 1595508 is divided by 1595493?
15
What is the remainder when 59349035 is divided by 8?
3
What is the remainder when 294476 is divided by 147235?
6
What is the remainder when 19225949 is divided by 9612974?
1
Calculate the remainder when 11133860 is divided by 3117.
3053
Calculate the remainder when 230034 is divided by 413.
406
Calculate the remainder when 17813 is divided by 4447.
25
What is the remainder when 26839022 is divided by 214712?
22
Calculate the remainder when 4685 is divided by 785.
760
Calculate the remainder when 240814 is divided by 1942.
6
Calculate the remainder when 219962 is divided by 1643.
1443
What is the remainder when 27158291 is divided by 100215?
26
Calculate the remainder when 141201 is divided by 1140.
981
What is the remainder when 2587703 is divided by 3868?
11
What is the remainder when 1153922 is divided by 192303?
104
Calculate the remainder when 8918120 is divided by 55.
35
What is the remainder when 603830 is divided by 42?
38
Calculate the remainder when 92920842 is divided by 78.
66
Calculate the remainder when 1169565 is divided by 2478.
2427
Calculate the remainder when 297182777 is divided by 3298.
3295
Calculate the remainder when 6148536 is divided by 291.
288
What is the remainder when 28679469 is divided by 8533?
56
Calculate the remainder when 21583407 is divided by 911.
906
What is the remainder when 329678178 is divided by 4030?
4028
Calculate the remainder when 264263 is divided by 1030.
583
Calculate the remainder when 169951 is divided by 2600.
951
Calculate the remainder when 5132293 is divided by 1283045.
113
What is the remainder when 18564739 is divided by 1856473?
9
Calculate the remainder when 804016 is divided by 14597.
1181
Calculate the remainder when 2926649 is divided by 4.
1
What is the remainder when 5062702 is divided by 27817?
8
Calculate the remainder when 1422548 is divided by 285.
113
Calculate the remainder when 40267 is divided by 19898.
471
What is the remainder when 2754274 is divided by 1377137?
0
Calculate the remainder when 2586890 is divided by 372.
2
What is the remainder when 17796 is divided by 1426?
684
What is the remainder when 1069238 is divided by 2851?
113
Calculate the remainder when 170812 is divided by 400.
12
Calculate the remainder when 44168 is divided by 1463.
278
What is the remainder when 148597 is divided by 73536?
1525
What is the remainder when 147086 is divided by 10504?
30
Calculate the remainder when 523681 is divided by 20141.
15
What is the remainder when 1856845 is divided by 453?
451
Calculate the remainder when 35547 is divided by 30901.
4646
What is the remainder when 8321730 is divided by 8321471?
259
Calculate the remainder when 253436 is divided by 104.
92
Calculate the remainder when 44784763 is divided by 59713.
13
Calculate the remainder when 773028 is divided by 386099.
830
What is the remainder when 791302 is divided by 56509?
176
Calculate the remainder when 456355 is divided by 670.
85
What is the remainder when 424800 is divided by 730?
670
What is the remainder when 458956 is divided by 5585?
986
Calculate the remainder when 269628 is divided by 3249.
3210
Calculate the remainder when 4532456 is divided by 4422.
4328
What is the remainder when 3892430 is divided by 256?
206
What is the remainder when 365101 is divided by 2006?
9
Calculate the remainder when 151730 is divided by 11667.
59
Calculate the remainder when 356730 is divided by 71132.
1070
Calculate the remainder when 2241902 is divided by 747287.
41
Calculate the remainder when 974308 is divided by 15465.
13
What is the remainder when 121475 is divided by 1498?
137
Calculate the remainder when 147261621 is divided by 21037371.
24
Calculate the remainder when 2708381 is divided by 2708379.
2
What is the remainder when 39144 is divided by 39119?
25
Calculate the remainder when 1657574 is divided by 78931.
23
Calculate the remainder when 99127430 is divided by 218.
214
What is the remainder when 193137808 is divided by 10?
8
Calculate the remainder when 315685 is divided by 105220.
25
Calculate the remainder when 2947406 is divided by 118.
2
What is the remainder when 9089654 is divided by 614?
612
Calculate the remainder when 7238983 is divided by 1434.
151
Calculate the remainder when 1253398 is divided by 1253369.
29
Calculate the remainder when 10840463 is divided by 5420170.
123
What is the remainder when 3753963 is divided by 16?
11
Calculate the remainder when 226798 is divided by 1400.
1398
Calculate the remainder when 64293 is divided by 32054.
185
Calculate the remainder when 1891128 is divided by 46.
22
Calculate the remainder when 58225 is divided by 1026.
769
Calculate the remainder when 1643047 is divided by 55.
32
What is the remainder when 1708777 is divided by 2670?
2647
What is the remainder when 664670 is divided by 437?
430
Calculate the remainder when 11530542 is divided by 3113.
3103
Calculate the remainder when 5133207 is divided by 6.
3
Calculate the remainder when 415369 is divided by 69219.
55
Calculate the remainder when 22648 is divided by 7462.
262
Calculate the remainder when 288065721 is divided by 48.
9
What is the remainder when 167053 is divided by 3086?
409
What is the remainder when 13068595 is divided by 4356195?
